 -g**3 + 5*g**2 - 4*g - 2. Suppose 0 = -4*h - 4*i + 20, -2*h + 7*h - 4*i + 20 = 0. Suppose -8*q - q + 45 = h. Give d(q).
-22
Let s(d) = -d - 8. Let x(y) be the first derivative of -y**3/3 + 2*y**2 - 4*y + 6. Let v be x(2). Determine s(v).
-8
Let o(k) = 0*k + 2 + 0*k - 3*k - 31*k**2 + 28*k**2. Determine o(1).
-4
Let r(u) = -u + 3. Let x(f) = f**3 + 6*f**2 - 3. Let a be x(-4). Suppose -4*k = 9 - a. Calculate r(k).
-2
Let p = 100 - 71. Suppose -5*y + m = p, 6*y - y - 4*m = -26. Let f(v) = -5*v - 4. Let h(j) = -14*j - 11. Let k(t) = -11*f(t) + 4*h(t). Give k(y).
6
Suppose -4*s = -5 - 15, -5*p + 25 = 2*s. Suppose 3*n = 4*n - p. Let q(w) = -6*w**2 - 4*w + 0*w**2 + n*w. Give q(-1).
-5
Let y(i) = -5*i + i**2 + 38*i - 2*i**2 - 34*i. Give y(0).
0
Let g(m) = m**2 - 11*m + 4. Let c(w) = 2*w**2 - 14*w + 5. Let h(p) = 2*c(p) - 3*g(p). What is h(-5)?
-2
Suppose -3*t + 6*t = 5*g + 10, 4*t + 4 = -2*g. Let m(j) be the second derivative of 1/6*j**4 - 4*j - 1/10*j**5 + 0 + t*j**2 + 1/6*j**3. Calculate m(2).
-6
Let o = 905 - 899. Let j(c) = c**3 - 7*c**2 + 5*c + 5. What is j(o)?
-1
Let z(j) = 4 - 7*j + 2*j - j + j**2. Suppose 0 = -5*c - 0*c - 5. Let x = 6 + c. What is z(x)?
-1
Let j(k) = -k**2 - 16*k - 2. Let g be j(-16). Let v be g*-4*(-10)/16. Let l(b) = -5*b**2 - b**2 + 4*b**2 - 7*b + 1. Calculate l(v).
-14
Let f(w) = 10*w**3 + 9*w**2 - 16*w - 14. Let v(c) = -3*c**3 - 3*c**2 + 5*c + 5. Let i(a) = -2*f(a) - 7*v(a). Calculate i(-3).
2
Let b(m) = m**3 + 11*m**2 + 11*m + 7. Let i be -11 - 2*(-1)/2. Let z be b(i). Let o(n) = -n - 5. Let p(w) = -w - 3. Let k(l) = z*o(l) + 5*p(l). What is k(3)?
-6
Let w(b) = -b**3 + 5*b**2 - 2*b + 3. Suppose 18*z = -6*z + 72. Give w(z).
15
Suppose -19 = -6*r + 5. Suppose r*b - 18 = 7*b. Let i(w) = -573*w + 4 - w**2 + 0*w**2 + 569*w. What is i(b)?
-8
Let s = 46 + -53. Let m(o) = -o**2 - 7*o. Determine m(s).
0
Suppose z + 4*g = 3*g, -4*z + 3 = 3*g. Let u(q) = 1 - q**z - 67*q**2 - 2*q + 32*q**2 + 40*q**2. Determine u(5).
-9
Let o(g) = -g**3 - g**2 + g. Suppose 6 = 3*t, -5*j - 5*t - 102 = -17. Let x = -19 - j. What is o(x)?
0
Let d(q) = q**2 - 5*q. Suppose 3*b + 3*g + 42 = 7*b, -5*g + 46 = 3*b. Suppose -9*k + 11*k = b. What is d(k)?
6
Let z(a) = -a**3 - 8*a**2 + 7*a - 11. Let b be z(-9). Let o(k) = k**2 - 9*k + 12. Give o(b).
-2
Let c(g) = -3*g**2 - 2*g - 1. Suppose -7*m - 5 = -2*m + 5*l, 4*l + 2 = -3*m. Give c(m).
-9
Let w be (-2)/6 - (-59)/(-3). Let o = -8 - 16. Let m = w - o. Let v(i) = -i**2 + 3*i + 5. Give v(m).
1
Let j(r) = 4 + 7*r**2 - r - 7 + 3 - 8*r**2. Determine j(-9).
-72
Let x(o) = -1. Let u(d) = -d**2 - 2*d + 5. Let v(k) = -u(k) - 6*x(k). Calculate v(-3).
4
Let u = 15 + -10. Suppose -13 + 53 = -u*v. Let i(c) = 2*c + 8. Let p(x) = -x - 4. Let a(r) = -2*i(r) - 5*p(r). Give a(v).
-4
Let i(j) = -1 - 4*j - 7*j + 2*j - j**2. Give i(-9).
-1
Suppose 0 = 19*w + 28*w + 517. Let s(k) = 10*k + 12 - 20*k + 11*k. What is s(w)?
1
Let t(p) = 12*p + 34. Let j = 1890 - 1893. Calculate t(j).
-2
Let f(r) = -2*r + 2. Let i(y) = 5*y. Let d(a) = -3*f(a) - i(a). Suppose 0 = 5*n + 15, -7*n + 2*n = 3*v. Give d(v).
-1
Let v(h) be the second derivative of -h**4/12 + 11*h**2/2 + 8*h - 6. Give v(0).
11
Let o = -44 - -61. Let m(z) = 4*z**2 - z + 10. Let g(w) = -11*w**2 + 2*w - 29. Let r(y) = o*m(y) + 6*g(y). Determine r(4).
8
Let j(p) be the third derivative of -p**6/120 - p**5/60 + p**3/6 + 2*p**2 + 27*p. Calculate j(1).
-1
Let m(k) = k**3 + 4*k**2 - 5*k + 3. Let s be 0/3 - 7*-1. Let j(f) = -f**3 + 7*f**2 + 7*f + 1. Let h be j(s). Let o be 6/(-4)*h/15. Calculate m(o).
3
Let l be (6/(-4))/(1/2 + -1). Let n(d) = 0*d**2 + 29*d**3 + d - 4 - 28*d**l - d**2. Suppose 4*z = 21 - 1, z = 3*t + 5. What is n(t)?
-4
Let k(q) = -q**3 + 8*q**2 - 3*q + 4. Let t(b) = 14*b + 512. Let v be t(-36). Calculate k(v).
-20
Let w be (-12)/(-9) + (-4)/(-6). Suppose -15 + 0 = -p - 4*c, 0 = 2*c - 6. Let v(i) = -146*i**p + 147*i**3 - 4 + 4*i - 5*i**2 + 1. Determine v(w).
-7
Let f(g) = g**2 - 14*g. Let q be f(10). Let p = -37 - q. Suppose w + 9 = -3*n, 0 = -0*w + 3*w - p*n - 33. Let r(u) = -u**2 + 7*u. Calculate r(w).
6
Let c(i) = 1. Let j(t) = -2. Let w(d) = -3*c(d) - 2*j(d). Let q(m) = 9*m + 2. Let g(k) = -q(k) + w(k). Calculate g(-1).
8
Let h(u) = -3*u - 21. Suppose 2*p + 30 = -4*j + 4, -2*p = 3*j + 24. Give h(p).
6
Let b(r) = -71 + 9*r**2 + 74 - r**2 - 8*r - r**3. What is b(7)?
-4
Let t(c) be the first derivative of -16 - 1/4*c**4 + 2*c + 4/3*c**3 + 7/2*c**2. Determine t(5).
12
Let g(r) = 5 - 143*r - 7 + 138*r. What is g(-6)?
28
Let b(x) = 3*x - 6*x + x + x**2 - 1 - 3*x**2. Suppose 5*p - 3*p = -z + 8, 0 = -4*z + 3*p - 23. What is b(z)?
-5
Let z be 20/((-8)/2)*1. Let o(a) be the second derivative of a**5/20 + 5*a**4/12 + 3*a**2/2 + 11*a. Calculate o(z).
3
Let r(o) = 4*o**3 - 35*o**2 - 22*o - 17. Let v(c) = -c**3 + 11*c**2 + 7*c + 5. Let x(z) = 2*r(z) + 7*v(z). Calculate x(-5).
26
Suppose s - 59 = -9. Let p(h) = -8 + s - 15 - 21 + 3*h. Determine p(-6).
-12
Let n(t) be the third derivative of -t**4/12 - 16*t**2. Let k be -5 - (-4 + 0 + 3). What is n(k)?
8
Let b(s) = -s**2 + 2*s + 7. Let n be b(-4). Let z = 11 + n. Let d(o) be the third derivative of -o**6/120 - 7*o**5/60 - o**4/4 - 7*o**2. Determine d(z).
0
Let m(p) be the third derivative of -1/24*p**4 + 0*p + 21*p**2 + 0 - 1/3*p**3 + 1/120*p**6 - 1/20*p**5. Give m(3).
-5
Let p(d) = -d**3 + d**2 + d + 1. Let c(y) = -y**3 + y**2 + 3*y + 7. Let u(i) = -c(i) + 2*p(i). Suppose 0 = -4*h - q - 0*q - 4, 0 = 4*h - 3*q - 12. Give u(h).
-5
Let j be (4/6)/(6/(-180)*-5). Suppose -2 = -r + j*v, -4*r + 0 = v + 9. Let q(n) = n**3 - n**2 - n - 2. Determine q(r).
-12
Let n(i) = -3*i - 16. Let h be n(-6). Suppose 13 = -h*g + 3. Let l(a) = a - 6. Give l(g).
-11
Let z(v) = -284*v + 96*v + 8 + 96*v + 93*v. Calculate z(-18).
-10
Let g(d) be the second derivative of -1/4*d**4 + 1/20*d**5 - d**2 + 2*d + 0 + 1/3*d**3. Suppose -3*h + 6*u - u + 16 = 0, -h = 4*u + 6. Calculate g(h).
-2
Let z(p) = -p - 8. Suppose h + 4*g = -g + 164, 3*h + 2*g - 440 = 0. Let f be -5*(h/20)/(-4). Let v = f + -15. What is z(v)?
-2
Let w(c) = -c**3 + 6*c**2 - c + 8. Let q be w(6). Let z(k) be the first derivative of 1/2*k**2 + 13 + 0*k. Give z(q).
2
Let m(u) = 2*u + 24 + 6*u**2 - 16*u**2 + 0 - 66*u**3 + 65*u**3. Calculate m(-10).
4
Let u(g) = g**3 - 2*g**2 + 3*g - 3. Let l(s) be the first derivative of s**3/3 - 3*s**2/2 - s - 9. Let x be l(5). Let v = 11 - x. Determine u(v).
3
Let m(q) = q**3 - 9*q**2 + 9*q - 85. Let l be m(9). Let k(b) = -b**2 + b + 9. What is k(l)?
-11
Let o = 1 + 9. Let i(p) = 2*p**3 - 22*p**2 + 23*p - 22. Calculate i(o).
8
Let s be (-44)/(-11) - (1 - 2). Suppose 0 = -2*g - 21 + s. Let h(f) = -f**3 - 9*f**2 - 10*f - 11. What is h(g)?
5
Suppose 3 - 7 = a, 0 = -2*y + 2*a + 256. Let l = -129 + y. Let z(t) = -t**2 - 6*t - 5. Determine z(l).
0
Let m(v) = 34*v - 1367. Let z be m(40). Let o(r) = -3*r**2 - 6*r + 2*r**2 - r + 4. Calculate o(z).
4
Let q(f) = 13*f**2 + 9*f + 5. Let b(w) = -w + 8. Let y be b(10). Let z(p) = -3*p**2 - 2*p - 1. Suppose -i + 1 = 10. Let n(r) = i*z(r) + y*q(r). Calculate n(-3).
8
Let z = -81 - -83. Let t(r) = z*r - 4*r**2 - 1 - r**3 + 2*r**3 + 3*r. Calculate t(4).
19
Suppose 0 = 152*h - 137*h + 60. Let f(k) = k**3 + 5*k**2 + 4*k + 1. What is f(h)?
1
Let y(q) = q**3 - 10*q**2 - q + 5. Let l(g) = 19*g**2 - 4*g - 3. Let m be l(-2). Let k = 91 - m. Determine y(k).
-5
Let j be 14/(-49) + 15/(-21). Suppose 4*c + 9 = 3*w, 2*c = w - 4 - 3. Let v = j - c. Let l(k) = -k**3 + 4*k**2 + 3*k + 3. Give l(v).
-7
Let p(l) be the third derivative of -1/120*l**6 + 1/24*l**4 + 0 + 1/60*l**5 + 0*l + 2/3*l**3 - 14*l**2. Determine p(3).
-11
Suppose 0 = 2*r - 5*b - 1, 3*r - 2*b - b = 6. Suppose 3*j = 4*g - 13, j + 0*j = g - r. Let z(x) = x. Give z(g).
4
Let j = 328 + -328. Let i(m) be the third derivative of 0*m - 1/24*m**4 + 4*m**2 + j + 7/3*m**3. Determine i(6).
8
Suppose -4*a + 3*q + 2 = -4, -4*q - 7 = -5*a. Let y(c) = 2*c - 7. What is y(a)?
-1
Suppose 5*u - 4*u + 3*t - 12 = 0, -4*u - t = -59. Let m = 15 - u. Let q(g) = g + m + 2 + 0*g + 2*g. Give q(-2).
-4
Let r(b) = b**3 - 17*b**2 + 18*b - 30. Let h be r(16). Let y(s) = s**h + 0*s**2 - 640 + 2*s + 645. Determine y(-4).
13
Let c(a) = -2*a + 8. Let h(u) = -4*u + 23. Let b(m) = -5*c(m) + 2*h(m). Let l(y) = y**2 